{"id":272,"date":"2023-08-08T11:15:34","date_gmt":"2023-08-08T11:15:34","guid":{"rendered":"https:\/\/instalatii-fotovoltaice.ro\/wp\/?page_id=272"},"modified":"2023-08-11T12:03:47","modified_gmt":"2023-08-11T09:03:47","slug":"executie-la-cheie-de-sisteme-fotovoltaice","status":"publish","type":"page","link":"https:\/\/instalatii-fotovoltaice.ro\/hu\/executie-la-cheie-de-sisteme-fotovoltaice\/","title":{"rendered":"Kulcsrak\u00e9sz fotovoltaikus rendszerek"},"content":{"rendered":"<h3 class=\"wp-block-post-title\">Kulcsrak\u00e9sz fotovoltaikus rendszerek<\/h3>\n\n\n<div style=\"height:100px\" aria-hidden=\"true\" class=\"wp-block-spacer\"><\/div>\n\n\n\n<ol class=\"wp-block-list\">\n<li><strong>Kezdeti tan\u00e1csad\u00e1s<\/strong>: <br>A folyamat egy r\u00e9szletes konzult\u00e1ci\u00f3val kezd\u0151dik, amely elemzi az \u00d6n energiaig\u00e9nyeit \u00e9s k\u00f6vetelm\u00e9nyeit. Szak\u00e9rt\u0151i csapatunk megbesz\u00e9l\u00e9st folytat \u00d6nnel, hogy meg\u00e9rtse energiafogyaszt\u00e1s\u00e1t, c\u00e9lkit\u0171z\u00e9seit \u00e9s a projekt saj\u00e1toss\u00e1gait.<\/li>\n\n\n\n<li><strong>Testreszabott tervez\u00e9s<\/strong>: <br>A tan\u00e1csad\u00e1si szakasz sor\u00e1n szerzett inform\u00e1ci\u00f3k alapj\u00e1n elk\u00e9sz\u00fcl a PV-rendszer szem\u00e9lyre szabott tervez\u00e9se. Ez mag\u00e1ban foglalja az optim\u00e1lis m\u00e9retez\u00e9st, a komponensek kiv\u00e1laszt\u00e1s\u00e1t, a telep\u00edt\u00e9si terveket \u00e9s a becs\u00fclt energiatermel\u00e9s kisz\u00e1m\u00edt\u00e1s\u00e1t.<\/li>\n\n\n\n<li><strong>Berendez\u00e9sek beszerz\u00e9se<\/strong>: <br>A megval\u00f3s\u00edt\u00f3 csoport beszerzi a PV-rendszerhez sz\u00fcks\u00e9ges \u00f6sszes alkatr\u00e9szt, biztos\u00edtva, hogy azok kiv\u00e1l\u00f3 min\u0151s\u00e9g\u0171ek \u00e9s egym\u00e1ssal kompatibilisek legyenek.<\/li>\n\n\n\n<li><strong>Telep\u00edt\u00e9s \u00e9s \u00f6sszeszerel\u00e9s<\/strong>: <br>A napelemek, inverterek, akkumul\u00e1torok (adott esetben) \u00e9s egy\u00e9b alkatr\u00e9szek telep\u00edt\u00e9s\u00e9t napelemes szakemberek v\u00e9gzik. Minden munk\u00e1t min\u0151s\u00e9gi \u00e9s biztons\u00e1gi el\u0151\u00edr\u00e1soknak megfelel\u0151en v\u00e9geznek.<\/li>\n\n\n\n<li><strong>H\u00e1l\u00f3zati csatlakoz\u00e1s (ha sz\u00fcks\u00e9ges)<\/strong>: <br>Ha a fotovoltaikus rendszert a megl\u00e9v\u0151 villamosenergia-h\u00e1l\u00f3zathoz csatlakoztatj\u00e1k, ez a l\u00e9p\u00e9s a sz\u00fcks\u00e9ges enged\u00e9lyek beszerz\u00e9s\u00e9t \u00e9s a h\u00e1l\u00f3zathoz val\u00f3 csatlakoztat\u00e1st jelenti.<\/li>\n\n\n\n<li><strong>Tesztel\u00e9s \u00e9s \u00fczembe helyez\u00e9s<\/strong>: <br>A telep\u00edt\u00e9s ut\u00e1n a rendszert tesztelik \u00e9s ellen\u0151rzik, hogy a rendszer optim\u00e1lis param\u00e9terekkel m\u0171k\u00f6dj\u00f6n. A telep\u00edt\u00e9s megfelel\u0151 teljes\u00edtm\u00e9ny\u00e9nek biztos\u00edt\u00e1sa \u00e9rdek\u00e9ben elv\u00e9gezz\u00fck a sz\u00fcks\u00e9ges be\u00e1ll\u00edt\u00e1sokat.<\/li>\n\n\n\n<li><strong>K\u00e9pz\u00e9s \u00e9s dokument\u00e1ci\u00f3<\/strong>: <br>Az \u00fczembe helyez\u00e9st k\u00f6vet\u0151en a megval\u00f3s\u00edt\u00f3 csoport k\u00e9pz\u00e9st biztos\u00edt a PV-rendszer haszn\u00e1lat\u00e1r\u00f3l \u00e9s karbantart\u00e1s\u00e1r\u00f3l. \u00d6n megkapja a sz\u00fcks\u00e9ges dokument\u00e1ci\u00f3t is, bele\u00e9rtve a kapcsol\u00e1si rajzokat \u00e9s a haszn\u00e1lati utas\u00edt\u00e1sokat.<\/li>\n\n\n\n<li><strong>Monitoring \u00e9s szervizel\u00e9s<\/strong>: <br>Egyes kulcsrak\u00e9sz szolg\u00e1ltat\u00e1sok tartalmazhatnak egy rendszerteljes\u00edtm\u00e9ny-fel\u00fcgyeleti rendszert is, \u00edgy val\u00f3s id\u0151ben nyomon k\u00f6vetheti az energiatermel\u00e9st \u00e9s az alkatr\u00e9szek \u00e1llapot\u00e1t. Probl\u00e9m\u00e1k vagy karbantart\u00e1s eset\u00e9n ut\u00f3lagos t\u00e1mogat\u00e1st is ny\u00fajthat.<\/li>\n<\/ol>","protected":false},"excerpt":{"rendered":"","protected":false},"author":1,"featured_media":0,"parent":0,"menu_order":0,"comment_status":"closed","ping_status":"closed","template":"","meta":{"_vp_format_video_url":"","_vp_image_focal_point":[],"footnotes":""},"class_list":["post-272","page","type-page","status-publish","hentry"],"yoast_head":"<!-- This site is optimized with the Yoast SEO plugin v25.5 - https:\/\/yoast.com\/wordpress\/plugins\/seo\/ -->\n<title>Execu\u021bie la cheie de sisteme fotovoltaice - Instala\u021bii fotovoltaice<\/title>\n<meta name=\"robots\" content=\"index, follow, max-snippet:-1, max-image-preview:large, max-video-preview:-1\" \/>\n<link rel=\"canonical\" href=\"https:\/\/instalatii-fotovoltaice.ro\/hu\/executie-la-cheie-de-sisteme-fotovoltaice\/\" \/>\n<meta property=\"og:locale\" content=\"hu_HU\" \/>\n<meta property=\"og:type\" content=\"article\" \/>\n<meta property=\"og:title\" content=\"Execu\u021bie la cheie de sisteme fotovoltaice - Instala\u021bii fotovoltaice\" \/>\n<meta property=\"og:url\" content=\"https:\/\/instalatii-fotovoltaice.ro\/hu\/executie-la-cheie-de-sisteme-fotovoltaice\/\" \/>\n<meta property=\"og:site_name\" content=\"Instala\u021bii fotovoltaice\" \/>\n<meta property=\"article:publisher\" content=\"https:\/\/www.facebook.com\/villexelectric\" \/>\n<meta property=\"article:modified_time\" content=\"2023-08-11T09:03:47+00:00\" \/>\n<meta property=\"og:image\" content=\"https:\/\/instalatii-fotovoltaice.ro\/wp\/wp-content\/uploads\/2023\/09\/2023-09-07_12-20-16_044579.jpg\" \/>\n\t<meta property=\"og:image:width\" content=\"1135\" \/>\n\t<meta property=\"og:image:height\" content=\"1600\" \/>\n\t<meta property=\"og:image:type\" content=\"image\/jpeg\" \/>\n<meta name=\"twitter:card\" content=\"summary_large_image\" \/>\n<meta name=\"twitter:label1\" content=\"Becs\u00fclt olvas\u00e1si id\u0151\" \/>\n\t<meta name=\"twitter:data1\" content=\"2 perc\" \/>\n<script type=\"application\/ld+json\" class=\"yoast-schema-graph\">{\"@context\":\"https:\/\/schema.org\",\"@graph\":[{\"@type\":\"WebPage\",\"@id\":\"https:\/\/instalatii-fotovoltaice.ro\/executie-la-cheie-de-sisteme-fotovoltaice\/\",\"url\":\"https:\/\/instalatii-fotovoltaice.ro\/executie-la-cheie-de-sisteme-fotovoltaice\/\",\"name\":\"Execu\u021bie la cheie de sisteme fotovoltaice - Instala\u021bii fotovoltaice\",\"isPartOf\":{\"@id\":\"https:\/\/instalatii-fotovoltaice.ro\/#website\"},\"datePublished\":\"2023-08-08T11:15:34+00:00\",\"dateModified\":\"2023-08-11T09:03:47+00:00\",\"breadcrumb\":{\"@id\":\"https:\/\/instalatii-fotovoltaice.ro\/executie-la-cheie-de-sisteme-fotovoltaice\/#breadcrumb\"},\"inLanguage\":\"hu\",\"potentialAction\":[{\"@type\":\"ReadAction\",\"target\":[\"https:\/\/instalatii-fotovoltaice.ro\/executie-la-cheie-de-sisteme-fotovoltaice\/\"]}]},{\"@type\":\"BreadcrumbList\",\"@id\":\"https:\/\/instalatii-fotovoltaice.ro\/executie-la-cheie-de-sisteme-fotovoltaice\/#breadcrumb\",\"itemListElement\":[{\"@type\":\"ListItem\",\"position\":1,\"name\":\"Prima pagin\u0103\",\"item\":\"https:\/\/instalatii-fotovoltaice.ro\/\"},{\"@type\":\"ListItem\",\"position\":2,\"name\":\"Execu\u021bie la cheie de sisteme fotovoltaice\"}]},{\"@type\":\"WebSite\",\"@id\":\"https:\/\/instalatii-fotovoltaice.ro\/#website\",\"url\":\"https:\/\/instalatii-fotovoltaice.ro\/\",\"name\":\"Instala\u021bii fotovoltaice\",\"description\":\"\",\"publisher\":{\"@id\":\"https:\/\/instalatii-fotovoltaice.ro\/#organization\"},\"potentialAction\":[{\"@type\":\"SearchAction\",\"target\":{\"@type\":\"EntryPoint\",\"urlTemplate\":\"https:\/\/instalatii-fotovoltaice.ro\/?s={search_term_string}\"},\"query-input\":{\"@type\":\"PropertyValueSpecification\",\"valueRequired\":true,\"valueName\":\"search_term_string\"}}],\"inLanguage\":\"hu\"},{\"@type\":\"Organization\",\"@id\":\"https:\/\/instalatii-fotovoltaice.ro\/#organization\",\"name\":\"Instala\u021bii fotovoltaice\",\"url\":\"https:\/\/instalatii-fotovoltaice.ro\/\",\"logo\":{\"@type\":\"ImageObject\",\"inLanguage\":\"hu\",\"@id\":\"https:\/\/instalatii-fotovoltaice.ro\/#\/schema\/logo\/image\/\",\"url\":\"https:\/\/instalatii-fotovoltaice.ro\/wp\/wp-content\/uploads\/2023\/08\/logo2.png\",\"contentUrl\":\"https:\/\/instalatii-fotovoltaice.ro\/wp\/wp-content\/uploads\/2023\/08\/logo2.png\",\"width\":225,\"height\":61,\"caption\":\"Instala\u021bii fotovoltaice\"},\"image\":{\"@id\":\"https:\/\/instalatii-fotovoltaice.ro\/#\/schema\/logo\/image\/\"},\"sameAs\":[\"https:\/\/www.facebook.com\/villexelectric\"]}]}<\/script>\n<!-- \/ Yoast SEO plugin. -->","yoast_head_json":{"title":"Execu\u021bie la cheie de sisteme fotovoltaice - Instala\u021bii fotovoltaice","robots":{"index":"index","follow":"follow","max-snippet":"max-snippet:-1","max-image-preview":"max-image-preview:large","max-video-preview":"max-video-preview:-1"},"canonical":"https:\/\/instalatii-fotovoltaice.ro\/hu\/executie-la-cheie-de-sisteme-fotovoltaice\/","og_locale":"hu_HU","og_type":"article","og_title":"Execu\u021bie la cheie de sisteme fotovoltaice - Instala\u021bii fotovoltaice","og_url":"https:\/\/instalatii-fotovoltaice.ro\/hu\/executie-la-cheie-de-sisteme-fotovoltaice\/","og_site_name":"Instala\u021bii fotovoltaice","article_publisher":"https:\/\/www.facebook.com\/villexelectric","article_modified_time":"2023-08-11T09:03:47+00:00","og_image":[{"width":1135,"height":1600,"url":"https:\/\/instalatii-fotovoltaice.ro\/wp\/wp-content\/uploads\/2023\/09\/2023-09-07_12-20-16_044579.jpg","type":"image\/jpeg"}],"twitter_card":"summary_large_image","twitter_misc":{"Becs\u00fclt olvas\u00e1si id\u0151":"2 perc"},"schema":{"@context":"https:\/\/schema.org","@graph":[{"@type":"WebPage","@id":"https:\/\/instalatii-fotovoltaice.ro\/executie-la-cheie-de-sisteme-fotovoltaice\/","url":"https:\/\/instalatii-fotovoltaice.ro\/executie-la-cheie-de-sisteme-fotovoltaice\/","name":"Execu\u021bie la cheie de sisteme fotovoltaice - Instala\u021bii fotovoltaice","isPartOf":{"@id":"https:\/\/instalatii-fotovoltaice.ro\/#website"},"datePublished":"2023-08-08T11:15:34+00:00","dateModified":"2023-08-11T09:03:47+00:00","breadcrumb":{"@id":"https:\/\/instalatii-fotovoltaice.ro\/executie-la-cheie-de-sisteme-fotovoltaice\/#breadcrumb"},"inLanguage":"hu","potentialAction":[{"@type":"ReadAction","target":["https:\/\/instalatii-fotovoltaice.ro\/executie-la-cheie-de-sisteme-fotovoltaice\/"]}]},{"@type":"BreadcrumbList","@id":"https:\/\/instalatii-fotovoltaice.ro\/executie-la-cheie-de-sisteme-fotovoltaice\/#breadcrumb","itemListElement":[{"@type":"ListItem","position":1,"name":"Prima pagin\u0103","item":"https:\/\/instalatii-fotovoltaice.ro\/"},{"@type":"ListItem","position":2,"name":"Execu\u021bie la cheie de sisteme fotovoltaice"}]},{"@type":"WebSite","@id":"https:\/\/instalatii-fotovoltaice.ro\/#website","url":"https:\/\/instalatii-fotovoltaice.ro\/","name":"Fotovoltaikus berendez\u00e9sek","description":"","publisher":{"@id":"https:\/\/instalatii-fotovoltaice.ro\/#organization"},"potentialAction":[{"@type":"SearchAction","target":{"@type":"EntryPoint","urlTemplate":"https:\/\/instalatii-fotovoltaice.ro\/?s={search_term_string}"},"query-input":{"@type":"PropertyValueSpecification","valueRequired":true,"valueName":"search_term_string"}}],"inLanguage":"hu"},{"@type":"Organization","@id":"https:\/\/instalatii-fotovoltaice.ro\/#organization","name":"Fotovoltaikus berendez\u00e9sek","url":"https:\/\/instalatii-fotovoltaice.ro\/","logo":{"@type":"ImageObject","inLanguage":"hu","@id":"https:\/\/instalatii-fotovoltaice.ro\/#\/schema\/logo\/image\/","url":"https:\/\/instalatii-fotovoltaice.ro\/wp\/wp-content\/uploads\/2023\/08\/logo2.png","contentUrl":"https:\/\/instalatii-fotovoltaice.ro\/wp\/wp-content\/uploads\/2023\/08\/logo2.png","width":225,"height":61,"caption":"Instala\u021bii fotovoltaice"},"image":{"@id":"https:\/\/instalatii-fotovoltaice.ro\/#\/schema\/logo\/image\/"},"sameAs":["https:\/\/www.facebook.com\/villexelectric"]}]}},"_links":{"self":[{"href":"https:\/\/instalatii-fotovoltaice.ro\/hu\/wp-json\/wp\/v2\/pages\/272","targetHints":{"allow":["GET"]}}],"collection":[{"href":"https:\/\/instalatii-fotovoltaice.ro\/hu\/wp-json\/wp\/v2\/pages"}],"about":[{"href":"https:\/\/instalatii-fotovoltaice.ro\/hu\/wp-json\/wp\/v2\/types\/page"}],"author":[{"embeddable":true,"href":"https:\/\/instalatii-fotovoltaice.ro\/hu\/wp-json\/wp\/v2\/users\/1"}],"replies":[{"embeddable":true,"href":"https:\/\/instalatii-fotovoltaice.ro\/hu\/wp-json\/wp\/v2\/comments?post=272"}],"version-history":[{"count":0,"href":"https:\/\/instalatii-fotovoltaice.ro\/hu\/wp-json\/wp\/v2\/pages\/272\/revisions"}],"wp:attachment":[{"href":"https:\/\/instalatii-fotovoltaice.ro\/hu\/wp-json\/wp\/v2\/media?parent=272"}],"curies":[{"name":"wp","href":"https:\/\/api.w.org\/{rel}","templated":true}]}}

Kulcsrakész fotovoltaikus rendszerek

<h3 class="wp-block-post-title">Kulcsrakész fotovoltaikus rendszerek</h3>


<div style="height:100px" aria-hidden="true" class="wp-block-spacer"></div>



<ol class="wp-block-list">
<li><strong>Kezdeti tanácsadás</strong>: <br>A folyamat egy részletes konzultációval kezdődik, amely elemzi az Ön energiaigényeit és követelményeit. Szakértői csapatunk megbeszélést folytat Önnel, hogy megértse energiafogyasztását, célkitűzéseit és a projekt sajátosságait.</li>



<li><strong>Testreszabott tervezés</strong>: <br>A tanácsadási szakasz során szerzett információk alapján elkészül a PV-rendszer személyre szabott tervezése. Ez magában foglalja az optimális méretezést, a komponensek kiválasztását, a telepítési terveket és a becsült energiatermelés kiszámítását.</li>



<li><strong>Berendezések beszerzése</strong>: <br>A megvalósító csoport beszerzi a PV-rendszerhez szükséges összes alkatrészt, biztosítva, hogy azok kiváló minőségűek és egymással kompatibilisek legyenek.</li>



<li><strong>Telepítés és összeszerelés</strong>: <br>A napelemek, inverterek, akkumulátorok (adott esetben) és egyéb alkatrészek telepítését napelemes szakemberek végzik. Minden munkát minőségi és biztonsági előírásoknak megfelelően végeznek.</li>



<li><strong>Hálózati csatlakozás (ha szükséges)</strong>: <br>Ha a fotovoltaikus rendszert a meglévő villamosenergia-hálózathoz csatlakoztatják, ez a lépés a szükséges engedélyek beszerzését és a hálózathoz való csatlakoztatást jelenti.</li>



<li><strong>Tesztelés és üzembe helyezés</strong>: <br>A telepítés után a rendszert tesztelik és ellenőrzik, hogy a rendszer optimális paraméterekkel működjön. A telepítés megfelelő teljesítményének biztosítása érdekében elvégezzük a szükséges beállításokat.</li>



<li><strong>Képzés és dokumentáció</strong>: <br>Az üzembe helyezést követően a megvalósító csoport képzést biztosít a PV-rendszer használatáról és karbantartásáról. Ön megkapja a szükséges dokumentációt is, beleértve a kapcsolási rajzokat és a használati utasításokat.</li>



<li><strong>Monitoring és szervizelés</strong>: <br>Egyes kulcsrakész szolgáltatások tartalmazhatnak egy rendszerteljesítmény-felügyeleti rendszert is, így valós időben nyomon követheti az energiatermelést és az alkatrészek állapotát. Problémák vagy karbantartás esetén utólagos támogatást is nyújthat.</li>
</ol>

<!-- This site is optimized with the Yoast SEO plugin v25.5 - https://yoast.com/wordpress/plugins/seo/ -->
<title>Execuție la cheie de sisteme fotovoltaice - Instalații fotovoltaice</title>
<meta name="robots" content="index, follow, max-snippet:-1, max-image-preview:large, max-video-preview:-1" />
<link rel="canonical" href="https://instalatii-fotovoltaice.ro/hu/executie-la-cheie-de-sisteme-fotovoltaice/" />
<meta property="og:locale" content="hu_HU" />
<meta property="og:type" content="article" />
<meta property="og:title" content="Execuție la cheie de sisteme fotovoltaice - Instalații fotovoltaice" />
<meta property="og:url" content="https://instalatii-fotovoltaice.ro/hu/executie-la-cheie-de-sisteme-fotovoltaice/" />
<meta property="og:site_name" content="Instalații fotovoltaice" />
<meta property="article:publisher" content="https://www.facebook.com/villexelectric" />
<meta property="article:modified_time" content="2023-08-11T09:03:47+00:00" />
<meta property="og:image" content="https://instalatii-fotovoltaice.ro/wp/wp-content/uploads/2023/09/2023-09-07_12-20-16_044579.jpg" />
	<meta property="og:image:width" content="1135" />
	<meta property="og:image:height" content="1600" />
	<meta property="og:image:type" content="image/jpeg" />
<meta name="twitter:card" content="summary_large_image" />
<meta name="twitter:label1" content="Becsült olvasási idő" />
	<meta name="twitter:data1" content="2 perc" />
<script type="application/ld+json" class="yoast-schema-graph">{"@context":"https://schema.org","@graph":[{"@type":"WebPage","@id":"https://instalatii-fotovoltaice.ro/executie-la-cheie-de-sisteme-fotovoltaice/","url":"https://instalatii-fotovoltaice.ro/executie-la-cheie-de-sisteme-fotovoltaice/","name":"Execuție la cheie de sisteme fotovoltaice - Instalații fotovoltaice","isPartOf":{"@id":"https://instalatii-fotovoltaice.ro/#website"},"datePublished":"2023-08-08T11:15:34+00:00","dateModified":"2023-08-11T09:03:47+00:00","breadcrumb":{"@id":"https://instalatii-fotovoltaice.ro/executie-la-cheie-de-sisteme-fotovoltaice/#breadcrumb"},"inLanguage":"hu","potentialAction":[{"@type":"ReadAction","target":["https://instalatii-fotovoltaice.ro/executie-la-cheie-de-sisteme-fotovoltaice/"]}]},{"@type":"BreadcrumbList","@id":"https://instalatii-fotovoltaice.ro/executie-la-cheie-de-sisteme-fotovoltaice/#breadcrumb","itemListElement":[{"@type":"ListItem","position":1,"name":"Prima pagină","item":"https://instalatii-fotovoltaice.ro/"},{"@type":"ListItem","position":2,"name":"Execuție la cheie de sisteme fotovoltaice"}]},{"@type":"WebSite","@id":"https://instalatii-fotovoltaice.ro/#website","url":"https://instalatii-fotovoltaice.ro/","name":"Instalații fotovoltaice","description":"","publisher":{"@id":"https://instalatii-fotovoltaice.ro/#organization"},"potentialAction":[{"@type":"SearchAction","target":{"@type":"EntryPoint","urlTemplate":"https://instalatii-fotovoltaice.ro/?s={search_term_string}"},"query-input":{"@type":"PropertyValueSpecification","valueRequired":true,"valueName":"search_term_string"}}],"inLanguage":"hu"},{"@type":"Organization","@id":"https://instalatii-fotovoltaice.ro/#organization","name":"Instalații fotovoltaice","url":"https://instalatii-fotovoltaice.ro/","logo":{"@type":"ImageObject","inLanguage":"hu","@id":"https://instalatii-fotovoltaice.ro/#/schema/logo/image/","url":"https://instalatii-fotovoltaice.ro/wp/wp-content/uploads/2023/08/logo2.png","contentUrl":"https://instalatii-fotovoltaice.ro/wp/wp-content/uploads/2023/08/logo2.png","width":225,"height":61,"caption":"Instalații fotovoltaice"},"image":{"@id":"https://instalatii-fotovoltaice.ro/#/schema/logo/image/"},"sameAs":["https://www.facebook.com/villexelectric"]}]}</script>
<!-- / Yoast SEO plugin. -->

Execuție la cheie de sisteme fotovoltaice - Instalații fotovoltaice

Instalații fotovoltaice

Prima pagină

Execuție la cheie de sisteme fotovoltaice

Fotovoltaikus berendezések
